22 is divided by 91?
85
What is the remainder when 329 is divided by 77?
21
What is the remainder when 294 is divided by 55?
19
Calculate the remainder when 639 is divided by 46.
41
What is the remainder when 80 is divided by 12?
8
What is the remainder when 333 is divided by 28?
25
What is the remainder when 64 is divided by 64?
0
Calculate the remainder when 2554 is divided by 20.
14
What is the remainder when 14197 is divided by 50?
47
Calculate the remainder when 327 is divided by 22.
19
What is the remainder when 4994 is divided by 1248?
2
Calculate the remainder when 963 is divided by 46.
43
Calculate the remainder when 105 is divided by 51.
3
Calculate the remainder when 1678 is divided by 29.
25
What is the remainder when 168 is divided by 23?
7
What is the remainder when 210 is divided by 26?
2
What is the remainder when 434 is divided by 29?
28
Calculate the remainder when 346 is divided by 71.
62
Calculate the remainder when 1320 is divided by 166.
158
What is the remainder when 201 is divided by 26?
19
Calculate the remainder when 298 is divided by 42.
4
What is the remainder when 65 is divided by 45?
20
Calculate the remainder when 7172 is divided by 41.
38
Calculate the remainder when 197 is divided by 11.
10
What is the remainder when 644 is divided by 77?
28
What is the remainder when 847 is divided by 29?
6
What is the remainder when 247 is divided by 9?
4
What is the remainder when 101 is divided by 35?
31
What is the remainder when 144 is divided by 67?
10
What is the remainder when 118 is divided by 15?
13
Calculate the remainder when 491 is divided by 51.
32
What is the remainder when 3568 is divided by 51?
49
What is the remainder when 75 is divided by 4?
3
Calculate the remainder when 500 is divided by 46.
40
Calculate the remainder when 2032 is divided by 15.
7
Calculate the remainder when 961 is divided by 331.
299
Calculate the remainder when 1939 is divided by 20.
19
Calculate the remainder when 126 is divided by 65.
61
What is the remainder when 181 is divided by 48?
37
Calculate the remainder when 554 is divided by 40.
34
Calculate the remainder when 788 is divided by 237.
77
What is the remainder when 288 is divided by 17?
16
What is the remainder when 164 is divided by 117?
47
Calculate the remainder when 1532 is divided by 96.
92
Calculate the remainder when 251 is divided by 12.
11
What is the remainder when 104 is divided by 30?
14
Calculate the remainder when 9677 is divided by 23.
17
What is the remainder when 989 is divided by 33?
32
Calculate the remainder when 3565 is divided by 16.
13
What is the remainder when 408 is divided by 104?
96
What is the remainder when 98 is divided by 55?
43
Calculate the remainder when 6624 is divided by 141.
138
Calculate the remainder when 65 is divided by 62.
3
What is the remainder when 221 is divided by 16?
13
Calculate the remainder when 979 is divided by 49.
48
Calculate the remainder when 624 is divided by 79.
71
What is the remainder when 3596 is divided by 72?
68
Calculate the remainder when 2170 is divided by 68.
62
Calculate the remainder when 299 is divided by 5.
4
What is the remainder when 365 is divided by 48?
29
What is the remainder when 67 is divided by 26?
15
Calculate the remainder when 192 is divided by 33.
27
Calculate the remainder when 211 is divided by 122.
89
What is the remainder when 3806 is divided by 7?
5
What is the remainder when 39 is divided by 23?
16
Calculate the remainder when 16337 is divided by 14.
13
Calculate the remainder when 137 is divided by 53.
31
Calculate the remainder when 82 is divided by 37.
8
Calculate the remainder when 3642 is divided by 27.
24
What is the remainder when 96 is divided by 5?
1
What is the remainder when 8446 is divided by 16?
14
What is the remainder when 270 is divided by 13?
10
Calculate the remainder when 543 is divided by 164.
51
Calculate the remainder when 51 is divided by 32.
19
What is the remainder when 305 is divided by 76?
1
Calculate the remainder when 2111 is divided by 3.
2
Calculate the remainder when 27 is divided by 18.
9
Calculate the remainder when 63 is divided by 32.
31
Calculate the remainder when 511 is divided by 135.
106
Calculate the remainder when 263 is divided by 133.
130
What is the remainder when 1271 is divided by 67?
65
Calculate the remainder when 388 is divided by 5.
3
Calculate the remainder when 82 is divided by 24.
10
What is the remainder when 435 is divided by 213?
9
What is the remainder when 295 is divided by 49?
1
Calculate the remainder when 1775 is divided by 8.
7
Calculate the remainder when 147 is divided by 39.
30
Calculate the remainder when 127 is divided by 37.
16
Calculate the remainder when 260 is divided by 52.
0
What is the remainder when 1258 is divided by 105?
103
What is the remainder when 272 is divided by 26?
12
Calculate the remainder when 154 is divided by 18.
10
What is the remainder when 560 is divided by 11?
10
Calculate the remainder when 5903 is divided by 123.
122
Calculate the remainder when 12 is divided by 6.
0
Calculate the remainder when 999 is divided by 11.
9
Calculate the remainder when 972 is divided by 13.
10
What is the remainder when 148 is divided by 31?
24
Calculate the remainder when 2002 is divided by 6.
4
Calculate the remainder when 39 is divided by 37.
2
What is the remainder when 76 is divided by 18?
4
Calculate the remainder when 444 is divided by 433.
11
What is the remainder when 1566 is divided by 16?
14
Calculate the remainder when 445 is divided by 148.
1
What is the remainder when 315 is divided by 53?
50
Calculate the remainder when 5392 is divided by 5.
2
What is the remainder when 691 is divided by 135?
16
Calculate the remainder when 553 is divided by 177.
22
What is the remainder when 453 is divided by 19?
16
What is the remainder when 25 is divided by 13?
12
Calculate the remainder when 435 is divided by 142.
9
What is the remainder when 596 is divided by 29?
16
Calculate the remainder when 2684 is divided by 17.
15
What is the remainder when 162 is divided by 16?
2
What is the remainder when 5630 is divided by 182?
170
What is the remainder when 365 is divided by 35?
15
Calculate the remainder when 794 is divided by 21.
17
What is the remainder when 147 is divided by 26?
17
Calculate the remainder when 761 is divided by 41.
23
What is the remainder when 194 is divided by 28?
26
What is the remainder when 6614 is divided by 63?
62
What is the remainder when 729 is divided by 720?
9
What is the remainder when 112 is divided by 106?
6
Calculate the remainder when 3070 is divided by 86.
60
Calculate the remainder when 3926 is divided by 30.
26
Calculate the remainder when 3365 is divided by 33.
32
What is the remainder when 1981 is divided by 57?
43
What is the remainder when 184 is divided by 17?
14
What is the remainder when 43079 is divided by 359?
358
What is the remainder when 604 is divided by 16?
12
Calculate the remainder when 168 is divided by 83.
2
Calculate the remainder when 919 is divided by 289.
52
Calculate the remainder when 1758 is divided by 14.
8
Calculate the remainder when 3241 is divided by 23.
21
Calculate the remainder when 1093 is divided by 110.
103
What is the remainder when 45 is divided by 6?
3
Calculate the remainder when 996 is divided by 159.
42
Calculate the remainder when 701 is divided by 64.
61
Calculate the remainder when 337 is divided by 19.
14
What is the remainder when 1936 is divided by 241?
8
What is the remainder when 575 is divided by 34?
31
Calculate the remainder when 742 is divided by 183.
10
Calculate the remainder when 432 is divided by 9.
0
What is the remainder when 154 is divided by 12?
10
Calculate the remainder when 790 is divided by 13.
10
Calculate the remainder when 83 is divided by 22.
17
What is the remainder when 1362 is divided by 31?
29
What is the remainder when 127 is divided by 35?
22
What is the remainder when 444 is divided by 112?
108
What is the remainder when 220 is divided by 6?
4
Calculate the remainder when 6506 is divided by 155.
151
Calculate the remainder when 3085 is divided by 6.
1
Calculate the remainder when 815 is divided by 21.
17
What is the remainder when 4101 is divided by 1364?
9
Calculate the remainder when 2932 is di